{"id":7,"date":"2020-06-14T20:36:10","date_gmt":"2020-06-14T20:36:10","guid":{"rendered":"https:\/\/schiele-pandemie-lust.shtetl.eu\/?page_id=7"},"modified":"2023-04-24T16:35:36","modified_gmt":"2023-04-24T16:35:36","slug":"motto","status":"publish","type":"page","link":"https:\/\/verbrechen.shtetl.eu\/","title":{"rendered":"schiele"},"content":{"rendered":"\t\t<div data-elementor-type=\"wp-page\" data-elementor-id=\"7\" class=\"elementor elementor-7\">\n\t\t\t\t\t\t<section class=\"elementor-section elementor-top-section elementor-element elementor-element-df2521c elementor-section-boxed elementor-section-height-default elementor-section-height-default\" data-id=\"df2521c\" data-element_type=\"section\" data-e-type=\"section\">\n\t\t\t\t\t\t<div class=\"elementor-container elementor-column-gap-default\">\n\t\t\t\t\t<div class=\"elementor-column elementor-col-100 elementor-top-column elementor-element elementor-element-804efdc\" data-id=\"804efdc\" data-element_type=\"column\" data-e-type=\"column\">\n\t\t\t<div class=\"elementor-widget-wrap elementor-element-populated\">\n\t\t\t\t\t\t<div class=\"elementor-element elementor-element-baf8aa0 elementor-invisible elementor-widget elementor-widget-text-editor\" data-id=\"baf8aa0\" data-element_type=\"widget\" data-e-type=\"widget\" data-settings=\"{&quot;_animation&quot;:&quot;zoomIn&quot;}\" data-widget_type=\"text-editor.default\">\n\t\t\t\t<div class=\"elementor-widget-container\">\n\t\t\t\t\t\t\t\t\t<p style=\"text-align: center;\" align=\"left\"><span style=\"color: #ff6600; font-size: 14pt; font-family: terminal, monaco, monospace;\">Drei au\u00dfergew\u00f6hnliche F\u00fchrungen<br \/>durch die Sammlung des Museum Folkwang am 15. Dezember 2021<\/span><\/p>\t\t\t\t\t\t\t\t<\/div>\n\t\t\t\t<\/div>\n\t\t\t\t\t<\/div>\n\t\t<\/div>\n\t\t\t\t\t<\/div>\n\t\t<\/section>\n\t\t\t\t<section class=\"elementor-section elementor-top-section elementor-element elementor-element-215a9766 elementor-section-boxed elementor-section-height-default elementor-section-height-default\" data-id=\"215a9766\" data-element_type=\"section\" data-e-type=\"section\">\n\t\t\t\t\t\t<div class=\"elementor-container elementor-column-gap-default\">\n\t\t\t\t\t<div class=\"elementor-column elementor-col-100 elementor-top-column elementor-element elementor-element-10ed1b46\" data-id=\"10ed1b46\" data-element_type=\"column\" data-e-type=\"column\">\n\t\t\t<div class=\"elementor-widget-wrap elementor-element-populated\">\n\t\t\t\t\t\t<div class=\"elementor-element elementor-element-55b17a4 animated-slow elementor-invisible elementor-widget elementor-widget-text-editor\" data-id=\"55b17a4\" data-element_type=\"widget\" data-e-type=\"widget\" data-settings=\"{&quot;_animation&quot;:&quot;fadeIn&quot;,&quot;_animation_delay&quot;:2600}\" data-widget_type=\"text-editor.default\">\n\t\t\t\t<div class=\"elementor-widget-container\">\n\t\t\t\t\t\t\t\t\t<p style=\"text-align: center;\"><span style=\"font-size: 48pt; font-family: terminal, monaco, monospace;\">\u201eden k\u00fcnstler hemmen ist ein verbrechen, es hei\u00dft keimendes leben morden.\u201c<\/span><\/p><p style=\"text-align: center;\"><span style=\"font-family: terminal, monaco, monospace;\">egon schiele 1912<\/span><\/p>\t\t\t\t\t\t\t\t<\/div>\n\t\t\t\t<\/div>\n\t\t\t\t\t<\/div>\n\t\t<\/div>\n\t\t\t\t\t<\/div>\n\t\t<\/section>\n\t\t\t\t<section class=\"elementor-section elementor-top-section elementor-element elementor-element-63f8b1d elementor-section-boxed elementor-section-height-default elementor-section-height-default\" data-id=\"63f8b1d\" data-element_type=\"section\" data-e-type=\"section\">\n\t\t\t\t\t\t<div class=\"elementor-container elementor-column-gap-default\">\n\t\t\t\t\t<div class=\"elementor-column elementor-col-100 elementor-top-column elementor-element elementor-element-5b11845\" data-id=\"5b11845\" data-element_type=\"column\" data-e-type=\"column\">\n\t\t\t<div class=\"elementor-widget-wrap elementor-element-populated\">\n\t\t\t\t\t\t<div class=\"elementor-element elementor-element-0a03e9b animated-fast elementor-invisible elementor-widget elementor-widget-text-editor\" data-id=\"0a03e9b\" data-element_type=\"widget\" data-e-type=\"widget\" data-settings=\"{&quot;_animation&quot;:&quot;rubberBand&quot;,&quot;_animation_delay&quot;:0}\" data-widget_type=\"text-editor.default\">\n\t\t\t\t<div class=\"elementor-widget-container\">\n\t\t\t\t\t\t\t\t\t<p style=\"text-align: center;\"><span style=\"font-size: 12pt;\"><span style=\"font-family: terminal, monaco, monospace;\">Der \u00f6sterreichische Maler Egon Schiele notierte unter einem Bild, welches w\u00e4hrend eines Gef\u00e4ngnisaufenthaltes im Jahr 1912 entstand: \u201e<span style=\"color: #ff6600;\">den k\u00fcnstler hemmen ist ein verbrechen. es hei\u00dft keimendes leben morden<\/span>.\u201c Die Zeitlosigkeit dieses Zitats zu Beginn der Corona-Pandemie veranlasste ein Team des Ensemble <i>shtetl<\/i>, sich in der heimischen Kunstsammlung umzuschauen: <br \/>Was ist von Egon Schiele zu finden, welche Werke anderer K\u00fcnstlerinnen und K\u00fcnstler in der Sammlung zeigen ebenfalls in die<\/span><\/span><span style=\"font-size: 12pt;\"><span style=\"font-family: terminal, monaco, monospace;\"> Gegenwart? <br \/>Die Antwort auf diese Fragen waren drei F\u00fchrungen:<\/span><\/span><\/p><p style=\"text-align: center;\"><span style=\"font-size: 12pt;\"><span style=\"font-family: terminal, monaco, monospace;\"><span style=\"color: #ff6600;\"><a href=\"https:\/\/verbrechen.shtetl.eu\/index.php\/motto\/ich-ewiges-kind\/\">ich ewiges kind<\/a><br \/><\/span>Der K\u00fcnstler, als Medium der inneren Stimmen und der Botschaft der Welt<\/span><\/span><\/p><p style=\"text-align: center;\"><span style=\"font-size: 12pt;\"><span style=\"font-family: terminal, monaco, monospace;\"><span style=\"color: #ff6600;\"><a href=\"https:\/\/verbrechen.shtetl.eu\/index.php\/motto\/o_meine_schmerzliche_lust\/\">o, meine schmerzliche lust<\/a><br \/><\/span>Liebe als Anfang, Ende und endlose Qual<\/span><\/span><\/p><p style=\"text-align: center;\"><span style=\"color: #ff6600; font-size: 12pt;\"><span style=\"font-family: terminal, monaco, monospace;\"><a href=\"https:\/\/verbrechen.shtetl.eu\/index.php\/motto\/weltende\/\">weltende<\/a><br \/><span style=\"color: #7a7a7a;\">Das Ende der Welt kommt in vielerlei Gestalt daher<\/span><\/span><\/span><\/p><p style=\"text-align: center;\"><span style=\"font-size: 12pt;\"><span style=\"font-family: terminal, monaco, monospace;\">An jeweils f\u00fcnf Positionen verweilte das Publikum f\u00fcr einen Moment und erhielt kurzgefasste Impulse zu den Kunstwerken. Mit Texten von Emmy Hennings, Gertrud Kolmar, Else Lasker-Sch\u00fcler, Erich M\u00fchsam, Jakob van Hoddis und Egon Schiele wurden neue Verbindungen zwischen den K\u00fcnsten hergestellt.<br \/>Die Schauspielerin Maria Neumann und der Schauspieler Ulrich Penquitt gestalteten<br \/>die Worte aus der Vergangenheit.<\/span><\/span><\/p><p style=\"text-align: center;\"><span style=\"font-size: 12pt;\"><span style=\"font-family: terminal, monaco, monospace;\">Das Ensemble <i>shtetl<\/i> (in der Besetzung mit Fl\u00f6te, Klarinette, Akkordeon, Harmonium, Violoncello und Kontrabass) schlug mit der Kunst der Improvisation die Br\u00fccke in die radikale Gegenwart: ins Jetzt.<br \/>Bei jedem Musikst\u00fcck das erklang, wurde das Publikum &#8211; w\u00e4hrend der Betrachtung der Originale der Weltkunstgeschichte &#8211; Zeugen eines eigenen Sch\u00f6pfungsmomentes.<\/span><\/span><\/p>\t\t\t\t\t\t\t\t<\/div>\n\t\t\t\t<\/div>\n\t\t\t\t<div class=\"elementor-element elementor-element-4626920 elementor-invisible elementor-widget elementor-widget-text-editor\" data-id=\"4626920\" data-element_type=\"widget\" data-e-type=\"widget\" data-settings=\"{&quot;_animation&quot;:&quot;zoomIn&quot;}\" data-widget_type=\"text-editor.default\">\n\t\t\t\t<div class=\"elementor-widget-container\">\n\t\t\t\t\t\t\t\t\t<p style=\"text-align: center;\" align=\"left\"><span style=\"color: #ff6600; font-size: 14pt; font-family: terminal, monaco, monospace;\">Das <a href=\"https:\/\/verbrechen.shtetl.eu\/wp-content\/uploads\/2021\/12\/Programm.pdf\" target=\"_blank\" rel=\"noopener\"><strong>Programm<\/strong><\/a> als pdf.<br \/><\/span><\/p>\t\t\t\t\t\t\t\t<\/div>\n\t\t\t\t<\/div>\n\t\t\t\t\t<\/div>\n\t\t<\/div>\n\t\t\t\t\t<\/div>\n\t\t<\/section>\n\t\t\t\t<\/div>\n\t\t","protected":false},"excerpt":{"rendered":"<p>Drei au\u00dfergew\u00f6hnliche F\u00fchrungendurch die Sammlung des Museum Folkwang am 15. Dezember 2021 \u201eden k\u00fcnstler hemmen ist ein verbrechen, es hei\u00dft keimendes leben morden.\u201c egon schiele 1912 Der \u00f6sterreichische Maler Egon Schiele notierte unter einem Bild, welches w\u00e4hrend eines Gef\u00e4ngnisaufenthaltes im Jahr 1912 entstand: \u201eden k\u00fcnstler hemmen ist ein verbrechen. es hei\u00dft keimendes leben morden.\u201c Die Zeitlosigkeit dieses Zitats zu Beginn<\/p>\n<p><a class=\"more-link\" href=\"https:\/\/verbrechen.shtetl.eu\/\">Weiterlesen<\/a><\/p>\n","protected":false},"author":1,"featured_media":0,"parent":0,"menu_order":0,"comment_status":"closed","ping_status":"closed","template":"","meta":{"footnotes":""},"class_list":["post-7","page","type-page","status-publish","hentry"],"_links":{"self":[{"href":"https:\/\/verbrechen.shtetl.eu\/index.php\/wp-json\/wp\/v2\/pages\/7","targetHints":{"allow":["GET"]}}],"collection":[{"href":"https:\/\/verbrechen.shtetl.eu\/index.php\/wp-json\/wp\/v2\/pages"}],"about":[{"href":"https:\/\/verbrechen.shtetl.eu\/index.php\/wp-json\/wp\/v2\/types\/page"}],"author":[{"embeddable":true,"href":"https:\/\/verbrechen.shtetl.eu\/index.php\/wp-json\/wp\/v2\/users\/1"}],"replies":[{"embeddable":true,"href":"https:\/\/verbrechen.shtetl.eu\/index.php\/wp-json\/wp\/v2\/comments?post=7"}],"version-history":[{"count":96,"href":"https:\/\/verbrechen.shtetl.eu\/index.php\/wp-json\/wp\/v2\/pages\/7\/revisions"}],"predecessor-version":[{"id":476,"href":"https:\/\/verbrechen.shtetl.eu\/index.php\/wp-json\/wp\/v2\/pages\/7\/revisions\/476"}],"wp:attachment":[{"href":"https:\/\/verbrechen.shtetl.eu\/index.php\/wp-json\/wp\/v2\/media?parent=7"}],"curies":[{"name":"wp","href":"https:\/\/api.w.org\/{rel}","templated":true}]}}

<div data-elementor-type="wp-page" data-elementor-id="7" class="elementor elementor-7">
						<section class="elementor-section elementor-top-section elementor-element elementor-element-df2521c elementor-section-boxed elementor-section-height-default elementor-section-height-default" data-id="df2521c" data-element_type="section" data-e-type="section">
						<div class="elementor-container elementor-column-gap-default">
					<div class="elementor-column elementor-col-100 elementor-top-column elementor-element elementor-element-804efdc" data-id="804efdc" data-element_type="column" data-e-type="column">
			<div class="elementor-widget-wrap elementor-element-populated">
						<div class="elementor-element elementor-element-baf8aa0 elementor-invisible elementor-widget elementor-widget-text-editor" data-id="baf8aa0" data-element_type="widget" data-e-type="widget" data-settings="{&quot;_animation&quot;:&quot;zoomIn&quot;}" data-widget_type="text-editor.default">
				<div class="elementor-widget-container">
									<p style="text-align: center;" align="left"><span style="color: #ff6600; font-size: 14pt; font-family: terminal, monaco, monospace;">Drei außergewöhnliche Führungen<br />durch die Sammlung des Museum Folkwang am 15. Dezember 2021</span></p>								</div>
				</div>
					</div>
		</div>
					</div>
		</section>
				<section class="elementor-section elementor-top-section elementor-element elementor-element-215a9766 elementor-section-boxed elementor-section-height-default elementor-section-height-default" data-id="215a9766" data-element_type="section" data-e-type="section">
						<div class="elementor-container elementor-column-gap-default">
					<div class="elementor-column elementor-col-100 elementor-top-column elementor-element elementor-element-10ed1b46" data-id="10ed1b46" data-element_type="column" data-e-type="column">
			<div class="elementor-widget-wrap elementor-element-populated">
						<div class="elementor-element elementor-element-55b17a4 animated-slow elementor-invisible elementor-widget elementor-widget-text-editor" data-id="55b17a4" data-element_type="widget" data-e-type="widget" data-settings="{&quot;_animation&quot;:&quot;fadeIn&quot;,&quot;_animation_delay&quot;:2600}" data-widget_type="text-editor.default">
				<div class="elementor-widget-container">
									<p style="text-align: center;"><span style="font-size: 48pt; font-family: terminal, monaco, monospace;">„den künstler hemmen ist ein verbrechen, es heißt keimendes leben morden.“</span></p><p style="text-align: center;"><span style="font-family: terminal, monaco, monospace;">egon schiele 1912</span></p>								</div>
				</div>
					</div>
		</div>
					</div>
		</section>
				<section class="elementor-section elementor-top-section elementor-element elementor-element-63f8b1d elementor-section-boxed elementor-section-height-default elementor-section-height-default" data-id="63f8b1d" data-element_type="section" data-e-type="section">
						<div class="elementor-container elementor-column-gap-default">
					<div class="elementor-column elementor-col-100 elementor-top-column elementor-element elementor-element-5b11845" data-id="5b11845" data-element_type="column" data-e-type="column">
			<div class="elementor-widget-wrap elementor-element-populated">
						<div class="elementor-element elementor-element-0a03e9b animated-fast elementor-invisible elementor-widget elementor-widget-text-editor" data-id="0a03e9b" data-element_type="widget" data-e-type="widget" data-settings="{&quot;_animation&quot;:&quot;rubberBand&quot;,&quot;_animation_delay&quot;:0}" data-widget_type="text-editor.default">
				<div class="elementor-widget-container">
									<p style="text-align: center;"><span style="font-size: 12pt;"><span style="font-family: terminal, monaco, monospace;">Der österreichische Maler Egon Schiele notierte unter einem Bild, welches während eines Gefängnisaufenthaltes im Jahr 1912 entstand: „<span style="color: #ff6600;">den künstler hemmen ist ein verbrechen. es heißt keimendes leben morden</span>.“ Die Zeitlosigkeit dieses Zitats zu Beginn der Corona-Pandemie veranlasste ein Team des Ensemble <i>shtetl</i>, sich in der heimischen Kunstsammlung umzuschauen: <br />Was ist von Egon Schiele zu finden, welche Werke anderer Künstlerinnen und Künstler in der Sammlung zeigen ebenfalls in die</span></span><span style="font-size: 12pt;"><span style="font-family: terminal, monaco, monospace;"> Gegenwart? <br />Die Antwort auf diese Fragen waren drei Führungen:</span></span></p><p style="text-align: center;"><span style="font-size: 12pt;"><span style="font-family: terminal, monaco, monospace;"><span style="color: #ff6600;"><a href="https://verbrechen.shtetl.eu/index.php/motto/ich-ewiges-kind/">ich ewiges kind</a><br /></span>Der Künstler, als Medium der inneren Stimmen und der Botschaft der Welt</span></span></p><p style="text-align: center;"><span style="font-size: 12pt;"><span style="font-family: terminal, monaco, monospace;"><span style="color: #ff6600;"><a href="https://verbrechen.shtetl.eu/index.php/motto/o_meine_schmerzliche_lust/">o, meine schmerzliche lust</a><br /></span>Liebe als Anfang, Ende und endlose Qual</span></span></p><p style="text-align: center;"><span style="color: #ff6600; font-size: 12pt;"><span style="font-family: terminal, monaco, monospace;"><a href="https://verbrechen.shtetl.eu/index.php/motto/weltende/">weltende</a><br /><span style="color: #7a7a7a;">Das Ende der Welt kommt in vielerlei Gestalt daher</span></span></span></p><p style="text-align: center;"><span style="font-size: 12pt;"><span style="font-family: terminal, monaco, monospace;">An jeweils fünf Positionen verweilte das Publikum für einen Moment und erhielt kurzgefasste Impulse zu den Kunstwerken. Mit Texten von Emmy Hennings, Gertrud Kolmar, Else Lasker-Schüler, Erich Mühsam, Jakob van Hoddis und Egon Schiele wurden neue Verbindungen zwischen den Künsten hergestellt.<br />Die Schauspielerin Maria Neumann und der Schauspieler Ulrich Penquitt gestalteten<br />die Worte aus der Vergangenheit.</span></span></p><p style="text-align: center;"><span style="font-size: 12pt;"><span style="font-family: terminal, monaco, monospace;">Das Ensemble <i>shtetl</i> (in der Besetzung mit Flöte, Klarinette, Akkordeon, Harmonium, Violoncello und Kontrabass) schlug mit der Kunst der Improvisation die Brücke in die radikale Gegenwart: ins Jetzt.<br />Bei jedem Musikstück das erklang, wurde das Publikum &#8211; während der Betrachtung der Originale der Weltkunstgeschichte &#8211; Zeugen eines eigenen Schöpfungsmomentes.</span></span></p>								</div>
				</div>
				<div class="elementor-element elementor-element-4626920 elementor-invisible elementor-widget elementor-widget-text-editor" data-id="4626920" data-element_type="widget" data-e-type="widget" data-settings="{&quot;_animation&quot;:&quot;zoomIn&quot;}" data-widget_type="text-editor.default">
				<div class="elementor-widget-container">
									<p style="text-align: center;" align="left"><span style="color: #ff6600; font-size: 14pt; font-family: terminal, monaco, monospace;">Das <a href="https://verbrechen.shtetl.eu/wp-content/uploads/2021/12/Programm.pdf" target="_blank" rel="noopener"><strong>Programm</strong></a> als pdf.<br /></span></p>								</div>
				</div>
					</div>
		</div>
					</div>
		</section>
				</div>

<p>Drei außergewöhnliche Führungendurch die Sammlung des Museum Folkwang am 15. Dezember 2021 „den künstler hemmen ist ein verbrechen, es heißt keimendes leben morden.“ egon schiele 1912 Der österreichische Maler Egon Schiele notierte unter einem Bild, welches während eines Gefängnisaufenthaltes im Jahr 1912 entstand: „den künstler hemmen ist ein verbrechen. es heißt keimendes leben morden.“ Die Zeitlosigkeit dieses Zitats zu Beginn</p>
<p><a class="more-link" href="https://verbrechen.shtetl.eu/">Weiterlesen</a></p>
